pose 28 - 2 = -2*z. Let j(n) = n**2 + 11*n + 2. Let l be j(z). List the prime factors of (-6)/1*(-98)/l.
3, 7
Suppose j + z + 3*z = 0, -14 = -3*j + 2*z. Suppose j = -m + 28. List the prime factors of m.
2, 3
Let p(a) = -3*a + 27. Let f(k) = k + 2. Let x be f(3). Suppose 6*c - x*c = 0. What are the prime factors of p(c)?
3
Let k = -24 - -16. Let t be ((-2)/k)/(2/24). Suppose 0 = n - 4, -28 = -t*v - 5*n + 67. List the prime factors of v.
5
Suppose 4*l = 3*k + 110, 87 = 5*l + 5*k - 33. Let i = l + 34. Suppose -s - 4*s + i = 0. What are the prime factors of s?
2, 3
Suppose 0 = -70*v + 72*v + 10. What are the prime factors of v/(-25)*5 + 195?
2, 7
Let n(c) = c**3 - 13*c**2 - 11*c + 15. List the prime factors of n(17).
2, 3, 41
Let a = -2225 - -2700. List the prime factors of a.
5, 19
Let c = -128 + -129. Let f = c + 585. List the prime factors of f.
2, 41
Let x = -380 - -113. What are the prime factors of 5/((-30)/x) + (-6)/4?
43
Suppose 2*g - 314 + 21 = 5*s, 0 = 3*s - 3*g + 174. Let r = s - -125. What are the prime factors of r?
2, 3, 11
Suppose l - 428 = -4*h - 71, 4*h = -20. Suppose 5*t + l = 2*d - 0*d, 171 = d + t. List the prime factors of d.
2, 11
Let v(t) = -5*t - 24. Suppose n + 4*f - 17 - 14 = 0, -2*n - 5*f = -47. Let i = n + -21. List the prime factors of v(i).
2, 13
Suppose 0 = -3*f + 5*n + 569, 0*f - 2*f + 354 = 3*n. Suppose -6*h = -f - 213. Suppose 5*b + h - 256 = 0. What are the prime factors of b?
2, 19
Let t(k) = -53*k - 1. Let n(p) = 13*p. Let x(y) = 9*n(y) + 2*t(y). List the prime factors of x(4).
2, 3, 7
Let m(h) = 7*h - 30. Let s be m(5). Suppose -2*d + 470 = 3*q + 18, -745 = -5*q - s*d. What are the prime factors of q?
2, 7, 11
Let h be (-2 + -1)/(1/(-3)). Suppose 4*s - 17 + h = 0. Suppose -s*w - 5*w = -49. What are the prime factors of w?
7
Let i(n) = 6*n - 3. Let d be (-15)/(-10) - (-6)/4. Suppose a - 1 - d = 0. List the prime factors of i(a).
3, 7
Suppose -8 = -4*w - 20. Let q(v) = 2*v**2 - 7*v. What are the prime factors of q(w)?
3, 13
Let i(f) = -f**3 + 18*f**2 - 44*f + 58. What are the prime factors of i(14)?
2, 113
Suppose 2*s - 294 = -2*g, -5*g - s = -6*g + 151. List the prime factors of g.
149
Suppose 4*j = j + 4*h + 39, -3*j + h = -30. Let b be (6/(-4))/(j/(-24)). List the prime factors of (38/b)/(1/2).
19
Let a = 30 + 19. What are the prime factors of a?
7
What are the prime factors of 394 - (35/7 - 5)?
2, 197
Let q(z) = -z**3 + 3*z**2 - z. Let v be q(2). Suppose 0 = -v*m + 5*b + 68, 5*b - 53 + 169 = 4*m. What are the prime factors of m?
2, 3
Let n(u) = 17*u - 25. Let d be n(-10). Let l = d - -287. What are the prime factors of l?
2, 23
Suppose 295 = 3*k + 34. Suppose -k = -4*j - 47. What are the prime factors of j?
2, 5
List the prime factors of 24/30 + 5808/15.
2, 97
Let c = -568 + 1097. What are the prime factors of c?
23
Let s = -53 - -87. Let w = -24 + s. Let x = w - -10. What are the prime factors of x?
2, 5
Suppose 11 = d - 0*d - g, -2*g + 14 = 4*d. Let h(r) = 36*r - 13. List the prime factors of h(d).
7, 29
Let z(q) = q**3 - 2*q**2 + q + 885. What are the prime factors of z(0)?
3, 5, 59
List the prime factors of (-270)/((-1 - 49/42) + 2).
2, 3, 5
Let m(f) be the first derivative of -f**3/3 + 11*f**2/2 + 4*f + 20. What are the prime factors of m(10)?
2, 7
Let h(n) = -n - 2. Let f be h(-7). Suppose -i = -f*i + 184. Let a = 78 - i. What are the prime factors of a?
2
Let b(w) = -13*w**3 + w**2 - w - 12. What are the prime factors of b(-3)?
3, 13
Let o = 179 + -172. Let j(w) = 3*w**2 - 12*w - 6. Let z(p) = -4*p**2 + 13*p + 6. Let s(r) = -3*j(r) - 2*z(r). List the prime factors of s(o).
3
Suppose -2*y = -6*y + 12. List the prime factors of (y/((-9)/(-4)))/(38/10203).
2, 179
Let d(j) = -29*j**3 + 3*j**2 + 12*j + 4. What are the prime factors of d(-3)?
2, 389
Let s(f) = 50*f**2 - 67*f - 3. What are the prime factors of s(9)?
2, 3, 7, 41
Let t be (12/24)/((-2)/(-12)). Suppose -11 = -t*w + 2*w. List the prime factors of w.
11
Let z(y) = 14*y - 5. Suppose 11 = 2*b - 5. What are the prime factors of z(b)?
107
Suppose -7*d + 2667 = -490. List the prime factors of d.
11, 41
Let t = -8 + 30. Suppose -b + b = -b. Suppose 3*y + b*y = -a + t, -y + 14 = a. List the prime factors of a.
2, 5
Let d(n) = 3 - n**2 + 3 - 130*n**3 - 1 + 128*n**3 + 10*n. What are the prime factors of d(-4)?
7, 11
Let j be (1 - 1)/(-2) + 3. Suppose 0 = j*p + 2*p - 1115. Let t = p - 150. List the prime factors of t.
73
Let t(p) = 2*p**2 + 6*p - 4. Let z be t(-4). Suppose -z*o + 43 = 11. What are the prime factors of o?
2
Suppose -5*s + o + 5 = 0, -11 = 2*s + 2*o - 5*o. Let p = s - -1. Suppose -5*t - p + 28 = 0. List the prime factors of t.
5
Let o(b) = -3*b**2 + 0*b - 4*b - 7*b**2 - 10*b**3 - 2 + 7*b**2. List the prime factors of o(-3).
11, 23
Let o be 12/20 - (-156)/15. Let m(x) = -x + 15. Let h be m(o). Suppose h*j = 2*c - 42, 5*c + 4*j - 75 = -j. List the prime factors of c.
17
Let a(k) = -k**2 - 18*k + 3. Let v be a(-14). Let o = 94 - v. Suppose -5*q = -30 - o. List the prime factors of q.
13
Let j = -1096 + 4478. List the prime factors of j.
2, 19, 89
What are the prime factors of ((-16)/12)/4 - 2848/(-3)?
13, 73
What are the prime factors of (377/52)/((-2 + 0)/(-72))?
3, 29
Suppose -335 - 622 = -11*o. List the prime factors of o.
3, 29
Suppose -5*l - 7*g + 40 = -2*g, -5*l = -3*g - 16. Let v(y) = 3*y - 7 - 6*y + l. List the prime factors of v(-9).
5
Let a(n) = 2*n**2 - 2. Let b = -18 + 29. Suppose 0 = -5*t - 4*o - b, -3 = -4*o + 1. List the prime factors of a(t).
2
Let u be (-12)/42 + (-2)/(-7). Suppose j - 23 - 40 = u. Suppose s = -2*s + j. What are the prime factors of s?
3, 7
Let s(t) be the first derivative of 3*t**2/2 - 11*t - 4. Let x be s(5). Suppose -12 = -4*a, f + x*f - 44 = -3*a. What are the prime factors of f?
7
Suppose -5*j = 4029 - 13499. What are the prime factors of j?
2, 947
Let i(h) = h**3 - 8*h**2 - 6*h - 16. Let s be i(9). Let j = 63 + s. List the prime factors of j.
2, 37
Let h = 732 - 621. What are the prime factors of h?
3, 37
Suppose 4*p - 4*v = v - 1127, -4*v - 1172 = 4*p. List the prime factors of (-1)/(5 + p/57).
19
Let n = 14 - 31. Let q = n - -19. Suppose 4*c - 312 = -q*c. What are the prime factors of c?
2, 13
Let r(t) = -t**3 - 14*t**2 + 18*t + 9. Let d(j) = 3*j**3 + 41*j**2 - 53*j - 27. Let f(i) = 6*d(i) + 17*r(i). Let z = 19 - 28. List the prime factors of f(z).
2, 3
Suppose -49 + 34 = -5*n. Suppose 4*w + 5*i - 117 = 204, n*i - 89 = -w. List the prime factors of w.
2, 37
Let u(j) = j + 1. Let b(o) = 6*o - 1. Let x(g) = 7*g. Let l(k) = -4*b(k) + 3*x(k). Let r(n) = -l(n) + 3*u(n). List the prime factors of r(3).
17
Let b be (-2 - -6)*2/4. Let v(c) = -69 + 70 + 16*c - 3*c. List the prime factors of v(b).
3
Let b(w) = w**3 - w**2 + 2*w + 2. Let p be b(0). Suppose -2*u + 4*f + 386 = 0, 0 = -p*u - 0*u - 4*f + 378. What are the prime factors of u?
191
Let z be 1/((-2)/(-138) + 0). Suppose 52 = f - z. Suppose -4*q = 2*x - 142, -6*x = -4*q - x + f. List the prime factors of q.
2, 17
Suppose -10 - 2 = -4*x. Let s(v) = -v**3 - 7*v**2 - 5*v + 3. Let h be s(-6). List the prime factors of (-1)/(x/(6*h)).
2, 3
Suppose -3*v + 7392 = 3*w, 16 = 3*w - 7*w. What are the prime factors of v?
2, 617
Suppose -14 + 2 = -4*f. Suppose -2*v + f + 6 = -m, -v = -2*m - 12. Let j(s) = -3*s - 8. What are the prime factors of j(m)?
7
Let i(n) = -2*n + 8. Let w be i(6). Let k be (-4 + 34/1)*w. Let m = -78 - k. List the prime factors of m.
2, 3, 7
Suppose 23 = 2*t - 17. Let m(i) = 27*i + 4. Let x be m(4). What are the prime factors of (x/t)/((-4)/(-10))?
2, 7
Suppose -7*a + 14 = -7. Suppose -a*y + 237 = -m - 2*m, -y + 2*m = -84. List the prime factors of y.
2, 37
Suppose 0 = -7*j + 4*j + 312. Let h = j + 5. Suppose -3*m - 2*d = -88, 4*m - 2*d - 13 = h. What are the prime factors of m?
2, 3, 5
Suppose 0 = -f + 3*f. Suppose f = 7*t - 5*t - 14. Suppose 0 = -t*n + 5*n + 56. List the prime factors of n.
2, 7
Let c = -7995 + 11820. What are the prime factors of c?
3, 5, 17
Let i(l) = -l**3 + 10*l**2 - 7*l - 10. Let h(u) = -4 + u - u**3 + 3*u**2 - u**2 + 2*u**2. Let v be h(3). List the prime factors of i(v).
2, 31
Let l = -4779 - -8130. What are the prime factors of l?
3, 1117
Let b = 1083 - 144. What are the prime factors of b?
3, 313
Let a = -13 - -10.